{"id":826,"date":"2021-03-19T10:53:42","date_gmt":"2021-03-19T09:53:42","guid":{"rendered":"https:\/\/zebas-web.de\/zeb\/?page_id=826"},"modified":"2021-03-19T11:04:46","modified_gmt":"2021-03-19T10:04:46","slug":"lieferanteninformationen-velux","status":"publish","type":"page","link":"https:\/\/zeb-online.de\/cms\/lieferanteninformationen-velux\/","title":{"rendered":"Lieferanteninformationen &#8211; Velux"},"content":{"rendered":"<div class=\"fusion-fullwidth fullwidth-box fusion-builder-row-1 fusion-flex-container nonhundred-percent-fullwidth non-hundred-percent-height-scrolling\" style=\"background-color: rgba(255,255,255,0);background-position: center center;background-repeat: no-repeat;border-width: 0px 0px 0px 0px;border-color:#e2e2e2;border-style:solid;\" ><div class=\"fusion-builder-row fusion-row fusion-flex-align-items-flex-start\" style=\"max-width:1248px;margin-left: calc(-4% \/ 2 );margin-right: calc(-4% \/ 2 );\"><div class=\"fusion-layout-column fusion_builder_column fusion-builder-column-0 fusion_builder_column_1_1 1_1 fusion-flex-column\"><div class=\"fusion-column-wrapper fusion-flex-justify-content-flex-start fusion-content-layout-column\" style=\"background-position:left top;background-repeat:no-repeat;-webkit-background-size:cover;-moz-background-size:cover;-o-background-size:cover;background-size:cover;padding: 0px 0px 0px 0px;\"><style type=\"text\/css\">@media only screen and (max-width:1024px) {.fusion-title.fusion-title-1{margin-top:10px!important; margin-right:0px!important;margin-bottom:15px!important;margin-left:0px!important;}}@media only screen and (max-width:640px) {.fusion-title.fusion-title-1{margin-top:10px!important; margin-right:0px!important;margin-bottom:10px!important; margin-left:0px!important;}}<\/style><div class=\"fusion-title title fusion-title-1 fusion-sep-none fusion-title-text fusion-title-size-one\" style=\"margin-top:10px;margin-right:0px;margin-bottom:15px;margin-left:0px;\"><h1 class=\"title-heading-left\" style=\"margin:0;\">Aktuelle Informationen aus dem Hause Velux<\/h1><\/div><div class=\"fusion-text fusion-text-1\"><p>Hier finden Sie die Welt der Dachfenster mit den vielf\u00e4ltigen M\u00f6glichkeiten und den Zubeh\u00f6rartikeln wie Hitze- und Insektenschutz und Verdunkelungsm\u00f6glichkeiten.<\/p>\n<\/div><div class=\"fusion-text fusion-text-2\"><p><!-- START: VELUX snippet area --><\/p>\n<div id=\"ek-product-site\" data-url=\"https:\/\/marketing.velux.de\/embedded\/10003381\/33397\"><\/div>\n<p><script src=\"https:\/\/marketing.velux.de\/assets\/product-site.js\"><\/script><br \/>\n<!-- END: VELUX snippet area --><\/p>\n<\/div><\/div><style type=\"text\/css\">.fusion-body .fusion-builder-column-0{width:100% !important;margin-top : 0px;margin-bottom : 20px;}.fusion-builder-column-0 > .fusion-column-wrapper {padding-top : 0px !important;padding-right : 0px !important;margin-right : 1.92%;padding-bottom : 0px !important;padding-left : 0px !important;margin-left : 1.92%;}@media only screen and (max-width:1024px) {.fusion-body .fusion-builder-column-0{width:100% !important;order : 0;}.fusion-builder-column-0 > .fusion-column-wrapper {margin-right : 1.92%;margin-left : 1.92%;}}@media only screen and (max-width:640px) {.fusion-body .fusion-builder-column-0{width:100% !important;order : 0;}.fusion-builder-column-0 > .fusion-column-wrapper {margin-right : 1.92%;margin-left : 1.92%;}}<\/style><\/div><\/div><style type=\"text\/css\">.fusion-body .fusion-flex-container.fusion-builder-row-1{ padding-top : 0px;margin-top : 0px;padding-right : 0px;padding-bottom : 0px;margin-bottom : 0px;padding-left : 0px;}<\/style><\/div>\n","protected":false},"excerpt":{"rendered":"","protected":false},"author":7,"featured_media":0,"parent":0,"menu_order":0,"comment_status":"closed","ping_status":"closed","template":"","meta":{"footnotes":""},"class_list":["post-826","page","type-page","status-publish","hentry"],"yoast_head":"<!-- This site is optimized with the Yoast SEO plugin v27.4 - https:\/\/yoast.com\/product\/yoast-seo-wordpress\/ -->\r\n<title>Lieferanteninformationen - Velux &#8211; Zentraleinkauf Baubedarf GmbH &amp; Co. KG<\/title>\r\n<meta name=\"robots\" content=\"index, follow, max-snippet:-1, max-image-preview:large, max-video-preview:-1\" \/>\r\n<link rel=\"canonical\" href=\"https:\/\/zeb-online.de\/cms\/lieferanteninformationen-velux\/\" \/>\r\n<meta property=\"og:locale\" content=\"de_DE\" \/>\r\n<meta property=\"og:type\" content=\"article\" \/>\r\n<meta property=\"og:title\" content=\"Lieferanteninformationen - Velux &#8211; Zentraleinkauf Baubedarf GmbH &amp; Co. KG\" \/>\r\n<meta property=\"og:url\" content=\"https:\/\/zeb-online.de\/cms\/lieferanteninformationen-velux\/\" \/>\r\n<meta property=\"og:site_name\" content=\"Zentraleinkauf Baubedarf GmbH &amp; Co. KG\" \/>\r\n<meta property=\"article:modified_time\" content=\"2021-03-19T10:04:46+00:00\" \/>\r\n<meta name=\"twitter:card\" content=\"summary_large_image\" \/>\r\n<meta name=\"twitter:label1\" content=\"Gesch\u00e4tzte Lesezeit\" \/>\n\t<meta name=\"twitter:data1\" content=\"4\u00a0Minuten\" \/>\r\n<script type=\"application\/ld+json\" class=\"yoast-schema-graph\">{\"@context\":\"https:\\\/\\\/schema.org\",\"@graph\":[{\"@type\":\"WebPage\",\"@id\":\"https:\\\/\\\/zeb-online.de\\\/cms\\\/lieferanteninformationen-velux\\\/\",\"url\":\"https:\\\/\\\/zeb-online.de\\\/cms\\\/lieferanteninformationen-velux\\\/\",\"name\":\"Lieferanteninformationen - Velux &#8211; Zentraleinkauf Baubedarf GmbH &amp; Co. KG\",\"isPartOf\":{\"@id\":\"https:\\\/\\\/zeb-online.de\\\/cms\\\/#website\"},\"datePublished\":\"2021-03-19T09:53:42+00:00\",\"dateModified\":\"2021-03-19T10:04:46+00:00\",\"breadcrumb\":{\"@id\":\"https:\\\/\\\/zeb-online.de\\\/cms\\\/lieferanteninformationen-velux\\\/#breadcrumb\"},\"inLanguage\":\"de\",\"potentialAction\":[{\"@type\":\"ReadAction\",\"target\":[\"https:\\\/\\\/zeb-online.de\\\/cms\\\/lieferanteninformationen-velux\\\/\"]}]},{\"@type\":\"BreadcrumbList\",\"@id\":\"https:\\\/\\\/zeb-online.de\\\/cms\\\/lieferanteninformationen-velux\\\/#breadcrumb\",\"itemListElement\":[{\"@type\":\"ListItem\",\"position\":1,\"name\":\"Startseite\",\"item\":\"https:\\\/\\\/zeb-online.de\\\/cms\\\/\"},{\"@type\":\"ListItem\",\"position\":2,\"name\":\"Lieferanteninformationen &#8211; Velux\"}]},{\"@type\":\"WebSite\",\"@id\":\"https:\\\/\\\/zeb-online.de\\\/cms\\\/#website\",\"url\":\"https:\\\/\\\/zeb-online.de\\\/cms\\\/\",\"name\":\"Zentraleinkauf Baubedarf GmbH &amp; Co. KG\",\"description\":\"Die Kooperation f\u00fcr mittelst\u00e4ndische Baustoffh\u00e4ndler und Baumarktbetreiber.\",\"publisher\":{\"@id\":\"https:\\\/\\\/zeb-online.de\\\/cms\\\/#organization\"},\"potentialAction\":[{\"@type\":\"SearchAction\",\"target\":{\"@type\":\"EntryPoint\",\"urlTemplate\":\"https:\\\/\\\/zeb-online.de\\\/cms\\\/?s={search_term_string}\"},\"query-input\":{\"@type\":\"PropertyValueSpecification\",\"valueRequired\":true,\"valueName\":\"search_term_string\"}}],\"inLanguage\":\"de\"},{\"@type\":\"Organization\",\"@id\":\"https:\\\/\\\/zeb-online.de\\\/cms\\\/#organization\",\"name\":\"Zentraleinkauf Baubedarf GmbH & Co. KG\",\"url\":\"https:\\\/\\\/zeb-online.de\\\/cms\\\/\",\"logo\":{\"@type\":\"ImageObject\",\"inLanguage\":\"de\",\"@id\":\"https:\\\/\\\/zeb-online.de\\\/cms\\\/#\\\/schema\\\/logo\\\/image\\\/\",\"url\":\"https:\\\/\\\/zeb-online.de\\\/cms\\\/wp-content\\\/uploads\\\/2021\\\/07\\\/zeb_logo_152152.png\",\"contentUrl\":\"https:\\\/\\\/zeb-online.de\\\/cms\\\/wp-content\\\/uploads\\\/2021\\\/07\\\/zeb_logo_152152.png\",\"width\":152,\"height\":152,\"caption\":\"Zentraleinkauf Baubedarf GmbH & Co. KG\"},\"image\":{\"@id\":\"https:\\\/\\\/zeb-online.de\\\/cms\\\/#\\\/schema\\\/logo\\\/image\\\/\"},\"sameAs\":[\"https:\\\/\\\/www.instagram.com\\\/zeb_zentraleinkauf_baubedarf\\\/\"]}]}<\/script>\r\n<!-- \/ Yoast SEO plugin. -->","yoast_head_json":{"title":"Lieferanteninformationen - Velux &#8211; Zentraleinkauf Baubedarf GmbH &amp; Co. KG","robots":{"index":"index","follow":"follow","max-snippet":"max-snippet:-1","max-image-preview":"max-image-preview:large","max-video-preview":"max-video-preview:-1"},"canonical":"https:\/\/zeb-online.de\/cms\/lieferanteninformationen-velux\/","og_locale":"de_DE","og_type":"article","og_title":"Lieferanteninformationen - Velux &#8211; Zentraleinkauf Baubedarf GmbH &amp; Co. KG","og_url":"https:\/\/zeb-online.de\/cms\/lieferanteninformationen-velux\/","og_site_name":"Zentraleinkauf Baubedarf GmbH &amp; Co. KG","article_modified_time":"2021-03-19T10:04:46+00:00","twitter_card":"summary_large_image","twitter_misc":{"Gesch\u00e4tzte Lesezeit":"4\u00a0Minuten"},"schema":{"@context":"https:\/\/schema.org","@graph":[{"@type":"WebPage","@id":"https:\/\/zeb-online.de\/cms\/lieferanteninformationen-velux\/","url":"https:\/\/zeb-online.de\/cms\/lieferanteninformationen-velux\/","name":"Lieferanteninformationen - Velux &#8211; Zentraleinkauf Baubedarf GmbH &amp; Co. KG","isPartOf":{"@id":"https:\/\/zeb-online.de\/cms\/#website"},"datePublished":"2021-03-19T09:53:42+00:00","dateModified":"2021-03-19T10:04:46+00:00","breadcrumb":{"@id":"https:\/\/zeb-online.de\/cms\/lieferanteninformationen-velux\/#breadcrumb"},"inLanguage":"de","potentialAction":[{"@type":"ReadAction","target":["https:\/\/zeb-online.de\/cms\/lieferanteninformationen-velux\/"]}]},{"@type":"BreadcrumbList","@id":"https:\/\/zeb-online.de\/cms\/lieferanteninformationen-velux\/#breadcrumb","itemListElement":[{"@type":"ListItem","position":1,"name":"Startseite","item":"https:\/\/zeb-online.de\/cms\/"},{"@type":"ListItem","position":2,"name":"Lieferanteninformationen &#8211; Velux"}]},{"@type":"WebSite","@id":"https:\/\/zeb-online.de\/cms\/#website","url":"https:\/\/zeb-online.de\/cms\/","name":"Zentraleinkauf Baubedarf GmbH &amp; Co. KG","description":"Die Kooperation f\u00fcr mittelst\u00e4ndische Baustoffh\u00e4ndler und Baumarktbetreiber.","publisher":{"@id":"https:\/\/zeb-online.de\/cms\/#organization"},"potentialAction":[{"@type":"SearchAction","target":{"@type":"EntryPoint","urlTemplate":"https:\/\/zeb-online.de\/cms\/?s={search_term_string}"},"query-input":{"@type":"PropertyValueSpecification","valueRequired":true,"valueName":"search_term_string"}}],"inLanguage":"de"},{"@type":"Organization","@id":"https:\/\/zeb-online.de\/cms\/#organization","name":"Zentraleinkauf Baubedarf GmbH & Co. KG","url":"https:\/\/zeb-online.de\/cms\/","logo":{"@type":"ImageObject","inLanguage":"de","@id":"https:\/\/zeb-online.de\/cms\/#\/schema\/logo\/image\/","url":"https:\/\/zeb-online.de\/cms\/wp-content\/uploads\/2021\/07\/zeb_logo_152152.png","contentUrl":"https:\/\/zeb-online.de\/cms\/wp-content\/uploads\/2021\/07\/zeb_logo_152152.png","width":152,"height":152,"caption":"Zentraleinkauf Baubedarf GmbH & Co. KG"},"image":{"@id":"https:\/\/zeb-online.de\/cms\/#\/schema\/logo\/image\/"},"sameAs":["https:\/\/www.instagram.com\/zeb_zentraleinkauf_baubedarf\/"]}]}},"_links":{"self":[{"href":"https:\/\/zeb-online.de\/cms\/wp-json\/wp\/v2\/pages\/826","targetHints":{"allow":["GET"]}}],"collection":[{"href":"https:\/\/zeb-online.de\/cms\/wp-json\/wp\/v2\/pages"}],"about":[{"href":"https:\/\/zeb-online.de\/cms\/wp-json\/wp\/v2\/types\/page"}],"author":[{"embeddable":true,"href":"https:\/\/zeb-online.de\/cms\/wp-json\/wp\/v2\/users\/7"}],"replies":[{"embeddable":true,"href":"https:\/\/zeb-online.de\/cms\/wp-json\/wp\/v2\/comments?post=826"}],"version-history":[{"count":0,"href":"https:\/\/zeb-online.de\/cms\/wp-json\/wp\/v2\/pages\/826\/revisions"}],"wp:attachment":[{"href":"https:\/\/zeb-online.de\/cms\/wp-json\/wp\/v2\/media?parent=826"}],"curies":[{"name":"wp","href":"https:\/\/api.w.org\/{rel}","templated":true}]}}